 is 16466 - 15?
16451
In base 5, what is 4 + -20400323?
-20400314
In base 11, what is -26 + -1a73?
-1a99
In base 8, what is 412 - 1120?
-506
In base 2, what is 10010 + -11001001111110?
-11001001101100
In base 13, what is 7c4 + -1a?
7a7
In base 10, what is -19731 - 85?
-19816
In base 11, what is 4235 - 31?
4204
In base 8, what is -125 - 155?
-302
In base 2, what is -1100 + -111110011100100?
-111110011110000
In base 2, what is 10011011101111 + 111?
10011011110110
In base 8, what is -506 - 2620?
-3326
In base 14, what is 0 - 3902?
-3902
In base 16, what is -a - 2637?
-2641
In base 15, what is -3 + 3ad5?
3ad2
In base 12, what is -509 - -b?
-4ba
In base 5, what is -4120 - 13301?
-22421
In base 6, what is 310205313 - 4?
310205305
In base 2, what is 101000110 - -1010100101?
1111101011
In base 8, what is -2 + -2565?
-2567
In base 10, what is -173952 - 15?
-173967
In base 12, what is 2 + -89b?
-899
In base 5, what is -321242 - -10?
-321232
In base 8, what is -322 - 57?
-401
In base 8, what is -563312 + 0?
-563312
In base 3, what is 221202 + -100?
221102
In base 6, what is 102 - 2020?
-1514
In base 15, what is 9898 + 0?
9898
In base 5, what is 2 - 2100421?
-2100414
In base 11, what is 4 - 38420?
-38417
In base 8, what is -7 - 5235?
-5244
In base 12, what is 1b6 + 10?
206
In base 11, what is -75488 + 0?
-75488
In base 4, what is -1103000330 + -11?
-1103001001
In base 13, what is 5045 - -2?
5047
In base 2, what is 110011100010 + 1000110?
110100101000
In base 2, what is 10011010000 - -10100?
10011100100
In base 2, what is 110 - -1011000000110?
1011000001100
In base 14, what is -2 - bb6d?
-bb71
In base 4, what is -102 + 1313311?
1313203
In base 12, what is -65 + 1b002?
1ab59
In base 3, what is 10020 + -1012121?
-1002101
In base 11, what is -11860 + -2?
-11862
In base 3, what is -112100 - -12002002?
11112202
In base 14, what is a46a0 - -5?
a46a5
In base 12, what is b77 + -28?
b4b
In base 5, what is 13 - 322403?
-322340
In base 2, what is -100101011101000 - 100?
-100101011101100
In base 2, what is 10000001010101011110 - 1?
10000001010101011101
In base 10, what is -3 - 13077?
-13080
In base 7, what is 3304361 + -5?
3304353
In base 7, what is -50260 + 4?
-50253
In base 3, what is -12 - -111012122?
111012110
In base 3, what is 12 - -21011220010?
21011220022
In base 3, what is -220110 + -20212?
-1011022
In base 13, what is 4 + -135c54?
-135c50
In base 13, what is -3 + 1106?
1103
In base 7, what is 4361 + 234?
4625
In base 6, what is -24 + -22?
-50
In base 15, what is -70 - 5a3?
-623
In base 5, what is 410 - 114?
241
In base 6, what is -53152 + -1?
-53153
In base 4, what is -11 - -1103320?
1103303
In base 3, what is 22020121022 - 11?
22020121011
In base 4, what is -20 - 2032111?
-2032131
In base 3, what is 1112021221202 - 10?
1112021221122
In base 3, what is -10210 - -101200?
20220
In base 10, what is 4 - -203511?
203515
In base 5, what is -1013400001 + 4?
-1013344442
In base 10, what is 7339 + 4?
7343
In base 8, what is 771604 + 3?
771607
In base 11, what is -6 - -39283?
39278
In base 4, what is 10 - -3311112?
3311122
In base 10, what is 17 - 28206?
-28189
In base 9, what is 27245 - 10?
27235
In base 10, what is 2 + 60765?
60767
In base 8, what is 2425 + -63?
2342
In base 12, what is -5b19 + 32?
-5aa7
In base 13, what is 9 + 10b3?
10bc
In base 6, what is 2355 + 44?
2443
In base 13, what is 7c083 + -5?
7c07b
In base 6, what is 4431051 - -2?
4431053
In base 15, what is b928b + 0?
b928b
In base 4, what is 2 + 131213?
131221
In base 12, what is -b76 - 71?
-1027
In base 7, what is 236 + -15606?
-15340
In base 11, what is 56382 - 5?
56378
In base 2, what is 11011101 - -10000111011?
10100011000
In base 12, what is -3 + -5b447?
-5b44a
In base 6, what is 1414312 + 2?
1414314
In base 6, what is -214554 - -3?
-214551
In base 10, what is -31 - 1896?
-1927
In base 11, what is 73 + -32684?
-32611
In base 3, what is 11000121 - 20?
11000101
In base 13, what is 8a1 + 2?
8a3
In base 13, what is -4bc + 6c?
-450
In base 8, what is -4360 + 143?
-4215
In base 3, what is 10220 - -221212?
1002202
In base 12, what is 124 + 300b?
3133
In base 9, what is 611176 + 5?
611182
In base 5, what is -20 - -343302?
343232
In base 7, what is -1352 + 430?
-622
In base 9, what is 60877 + 1?
60878
In base 8, what is -52 + -1166?
-1240
In base 8, what is 545602 - -1?
545603
In base 8, what is -40 - 25725?
-25765
In base 16, what is 1 + 63ec?
63ed
In base 11, what is 1a55994 - -2?
1a55996
In base 3, what is -110222 + -1112220?
-2000212
In base 15, what is 7679 - 3?
7676
In base 11, what is -413 - -470?
58
In base 13, what is 13 - 84?
-71
In base 5, what is 13 - -201?
214
In base 10, what is -10145 - 3?
-10148
In base 10, what is 10359 - 65?
10294
In base 5, what is 3323014 - -3?
3323022
In base 7, what is -4351 - 205?
-4556
In base 3, what is -22200000 + -20011?
-22220011
In base 15, what is -1665 + -17b?
-17e1
In base 7, what is -5660 - 40?
-6030
In base 13, what is -138406 - 8?
-138411
In base 8, what is 202 + 55017?
55221
In base 16, what is 9d64 + -7?
9d5d
In base 8, what is 30641 - -11?
30652
In base 12, what is 1ab26 - -44?
1ab6a
In base 16, what is -f798c - -5?
-f7987
In base 2, what is -1010010 + -11101100?
-100111110
In base 6, what is 54 - -2150?
2244
In base 3, what is -2100112 - 10?
-2100122
In base 9, what is -774368 - -5?
-774363
In base 14, what is 4 + 257a?
2580
In base 13, what is a + 2741?
274b
In base 4, what is 11 - 33333000?
-33332323
In base 7, what is -2163 - 222?
-2415
In base 5, what is 413 + -434?
-21
In base 16, what is 1 - -928d0?
928d1
In base 13, what is -422 - ab?
-500
In base 8, what is -373102 + 7?
-373073
In base 2, what is 1011100000111 - -110100?
1011100111011
In base 13, what is -a5574 + -2?
-a5576
In base 4, what is -223 + 1312220?
1311331
In base 5, what is 1 + -3424141?
-3424140
In base 6, what is -2432 - 5311?
-12143
In base 9, what is -8846 + -37?
-8884
In base 15, what is -a + -16a62c?
-16a637
In base 6, what is 5 - -202344?
202353
In base 11, what is a3a832 - 5?
a3a828
In base 4, what is 11323332313 - -3?
11323332322
In base 12, what is 408 + -2?
406
In base 14, what is -1 - c85?
-c86
In base 11, what is -9a0 + -94?
-a84
In base 9, what is -482 - 6?
-488
In base 8, what is -550346 - -3?
-550343
In base 13, what is -917 + 93?
-854
In base 11, what is 1 - -20197?
20198
In base 11, what is 53a8 - 0?
53a8
In base 4, what is 1212121 - 21?
1212100
In base 11, what is 12a - -5?
134
In base 7, what is -3256 - 441?
-4030
In base 7, what is -224564 + -10?
-224604
In base 4, what is 0 + -2230?
-2230
In base 2, what is -10000110 - 100111011011?
-101001100001
In base 5, what is -4 + 30102332?
30102323
In base 5, what is 20004421 + 0?
20004421
In base 2, what is 110 + 1000000001111011100?
1000000001111100010
In base 3, what is -20111 + 212?
-12122
In base 13, what is c192 + -5?
c18a
In base 14, what is 5268 - 5?
5263
In base 11, what is -657a0 - 5?
-657a5
In base 6, what is 121214 - 5?
121205
In base 16, what is 0 + -4d87e?
-4d87e
In base 8, what is -41 + 13734?
13673
In base 5, what is 134 - -234?
423
In base 9, what is 1 - 201316?
-201315
In base 16, what is -1c8a4 - d?
-1c8b1
In base 5, what is -334213012 - 3?
-334213020
In base 14, what is 1 - -2a263?
2a264
In base 5, what is 2423143 - 3?
2423140
In base 12, what is -3a78 - 38?
-3ab4
In base 8, what is 7145 - -54?
7221
In base 4, what is 1 + 2130320?
2130321
In base 9, what is -2 + 30087?
30085
In base 9, what is -117 + 1608?
1481
In base 15, what is -de5 - 7?
-dec
In base 8, what is 1630 + 1?
1631
In base 9, what is 8637830 + 4?
8637834
In base 6, what is 52 + 1550441?
1550533
In base 11, what is 3 - 347a93?
-347a90
In base 12, what is 1 + -593?
-592
In base 2, what is -110110010000111100 + -1?
-110110010000111101
In base 3, what is -1110 + -101122?
-110002
In base 4, what is 1322 - 221211?
-213223
In base 9, what is -301418 + -3?
-301422
In base 3, what is 22002 - 111021200?
-110222121
In base 15, what is -1 - -3227?
3226
In base 14, what is 135647 + -3?
135644
In base 16, what is 5 + cc2a?
cc2f
In base 8, what is 1335551 - 3?
1335546
In base 4, what is -13 + -1321200332?
-1321201011
In base 5, what is -2320 - 124424?
-132244
In base 4, what is -123113 - -21?
-123032
In base 10, what is -1666506 - -3?
-1666503
In 